is divided by 110.
22
Calculate the remainder when 69934 is divided by 1426.
60
What is the remainder when 33043232 is divided by 58?
52
Calculate the remainder when 29600483 is divided by 604091.
24
What is the remainder when 2922694 is divided by 50?
44
Calculate the remainder when 2310597 is divided by 15612.
21
What is the remainder when 1738582 is divided by 434644?
6
What is the remainder when 1434000 is divided by 101?
2
Calculate the remainder when 10666 is divided by 289.
262
Calculate the remainder when 1898013 is divided by 122.
59
What is the remainder when 630963 is divided by 210300?
63
Calculate the remainder when 10605005 is divided by 1338.
17
What is the remainder when 6075460 is divided by 690?
10
Calculate the remainder when 266216 is divided by 248.
112
Calculate the remainder when 156409 is divided by 1186.
1043
What is the remainder when 756218 is divided by 4690?
1128
Calculate the remainder when 918027 is divided by 51001.
9
What is the remainder when 164979 is divided by 4581?
63
What is the remainder when 21440779 is divided by 21041?
0
What is the remainder when 282586 is divided by 94135?
181
What is the remainder when 13217874 is divided by 124?
94
Calculate the remainder when 16398873 is divided by 635.
633
What is the remainder when 383576 is divided by 191783?
10
What is the remainder when 52670396 is divided by 320?
316
What is the remainder when 14436255 is divided by 347?
14
Calculate the remainder when 10685272 is divided by 19.
14
What is the remainder when 751629 is divided by 107359?
116
Calculate the remainder when 5588121 is divided by 19203.
48
Calculate the remainder when 2518221 is divided by 184.
181
What is the remainder when 438998 is divided by 27436?
22
What is the remainder when 53744346 is divided by 38?
34
Calculate the remainder when 8338 is divided by 5659.
2679
Calculate the remainder when 196281428 is divided by 9.
5
Calculate the remainder when 743008 is divided by 247515.
463
What is the remainder when 40397642 is divided by 8079512?
82
What is the remainder when 6786032 is divided by 12?
8
What is the remainder when 1404899 is divided by 169?
2
What is the remainder when 901340 is divided by 2518?
2414
What is the remainder when 81902758 is divided by 12583?
11
Calculate the remainder when 235517 is divided by 117742.
33
Calculate the remainder when 19122990 is divided by 14.
12
Calculate the remainder when 1716197 is divided by 858087.
23
What is the remainder when 1414842 is divided by 34503?
219
What is the remainder when 4121896 is divided by 27?
22
What is the remainder when 1233897 is divided by 1174?
23
What is the remainder when 1299511 is divided by 6630?
31
Calculate the remainder when 8569186 is divided by 17.
13
What is the remainder when 5207793 is divided by 108?
33
What is the remainder when 988623 is divided by 138?
129
Calculate the remainder when 68252 is divided by 3261.
3032
Calculate the remainder when 13503614 is divided by 2728.
14
What is the remainder when 1214369 is divided by 93?
68
Calculate the remainder when 210519 is divided by 34.
25
What is the remainder when 999492 is divided by 172?
0
What is the remainder when 327573 is divided by 771?
669
What is the remainder when 5613567 is divided by 153?
150
Calculate the remainder when 621589490 is divided by 27.
26
What is the remainder when 11143505 is divided by 22?
21
What is the remainder when 1019784 is divided by 65?
64
What is the remainder when 5564449 is divided by 2048?
33
Calculate the remainder when 240708 is divided by 1051.
29
Calculate the remainder when 328450 is divided by 25.
0
Calculate the remainder when 628805 is divided by 272.
213
Calculate the remainder when 5707451 is divided by 5707435.
16
What is the remainder when 19894768 is divided by 24351?
1
Calculate the remainder when 28964657 is divided by 1689.
1685
What is the remainder when 739075 is divided by 6?
1
Calculate the remainder when 1513378 is divided by 123.
109
What is the remainder when 75034 is divided by 2146?
2070
Calculate the remainder when 328 is divided by 37.
32
What is the remainder when 127618 is divided by 6654?
1192
Calculate the remainder when 32861782 is divided by 32861770.
12
What is the remainder when 2818671 is divided by 8?
7
Calculate the remainder when 309957 is divided by 12.
9
Calculate the remainder when 46291839 is divided by 10.
9
What is the remainder when 21662766 is divided by 5303?
11
What is the remainder when 370211 is divided by 73869?
866
What is the remainder when 791106 is divided by 153?
96
What is the remainder when 14102413 is divided by 20?
13
Calculate the remainder when 1131069 is divided by 282715.
209
What is the remainder when 812156 is divided by 524?
480
What is the remainder when 13744567 is divided by 447?
211
Calculate the remainder when 12652 is divided by 1053.
16
Calculate the remainder when 542451 is divided by 159.
102
What is the remainder when 189124 is divided by 2665?
2574
What is the remainder when 9252441 is divided by 44270?
11
What is the remainder when 91616 is divided by 9858?
2894
What is the remainder when 601250 is divided by 1425?
1325
Calculate the remainder when 177366 is divided by 19394.
2820
What is the remainder when 1017046 is divided by 1651?
30
What is the remainder when 13667512 is divided by 104332?
20
Calculate the remainder when 6700254 is divided by 41.
34
Calculate the remainder when 327453 is divided by 80982.
3525
What is the remainder when 17944 is divided by 1215?
934
Calculate the remainder when 379912 is divided by 21106.
4
Calculate the remainder when 6843313 is divided by 2281098.
19
What is the remainder when 167955 is divided by 810?
285
Calculate the remainder when 13019380 is divided by 314.
312
What is the remainder when 4414395 is divided by 315293?
293
What is the remainder when 560834 is divided by 3098?
96
Calculate the remainder when 4084044 is divided by 29.
3
Calculate the remainder when 69849 is divided by 13969.
4
What is the remainder when 1975855 is divided by 444?
55
Calculate the remainder when 711510 is divided by 6408.
222
What is the remainder when 62774981 is divided by 13213?
18
Calculate the remainder when 17159612 is divided by 216.
140
Calculate the remainder when 913355 is divided by 913342.
13
Calculate the remainder when 1081578 is divided by 540786.
6
Calculate the remainder when 64640 is divided by 146.
108
What is the remainder when 2140356 is divided by 73?
69
What is the remainder when 1490614 is divided by 29?
14
What is the remainder when 105477531 is divided by 8672?
8667
Calculate the remainder when 2215931 is divided by 114.
113
What is the remainder when 168980 is divided by 1077?
968
Calculate the remainder when 526089 is divided by 1298.
399
Calculate the remainder when 131832 is divided by 25913.
2267
What is the remainder when 1086003 is divided by 271272?
915
What is the remainder when 3498737 is divided by 43?
42
What is the remainder when 569952 is divided by 1281?
1188
What is the remainder when 24818 is divided by 12143?
532
What is the remainder when 2946772 is divided by 778?
486
Calculate the remainder when 3615915 is divided by 1034.
17
What is the remainder when 29789308 is divided by 88?
76
Calculate the remainder when 235219 is divided by 337.
330
Calculate the remainder when 9307145 is divided by 1396.
13
What is the remainder when 32684713 is divided by 178?
175
What is the remainder when 91275359 is divided by 132?
131
Calculate the remainder when 80345 is divided by 6335.
4325
What is the remainder when 15132974 is divided by 275?
274
Calculate the remainder when 57567 is divided by 10568.
4727
What is the remainder when 286507 is divided by 22002?
481
Calculate the remainder when 56765763 is divided by 45.
18
Calculate the remainder when 1894230 is divided by 163.
7
Calculate the remainder when 471050 is divided by 234519.
2012
What is the remainder when 165154731 is divided by 5983?
5982
Calculate the remainder when 6189071 is divided by 8717.
1
What is the remainder when 2201575 is divided by 2728?
79
Calculate the remainder when 3964645 is divided by 440514.
19
Calculate the remainder when 270718 is divided by 280.
238
Calculate the remainder when 159284 is divided 